
26
What is the greatest common factor of 395922 and 1510?
302
What is the highest common divisor of 75 and 240925?
25
Calculate the greatest common divisor of 21677 and 1643.
53
What is the highest common divisor of 1216 and 19608?
152
Calculate the highest common factor of 168 and 7710948.
84
What is the greatest common factor of 290 and 160?
10
Calculate the greatest common factor of 154 and 60536.
14
Calculate the highest common divisor of 10125 and 2511.
81
What is the greatest common divisor of 2656 and 6142?
166
What is the greatest common factor of 2227 and 6077483?
2227
What is the highest common divisor of 3627 and 2242695?
1209
Calculate the highest common divisor of 38 and 1132.
2
What is the highest common factor of 1096 and 2147612?
548
Calculate the greatest common factor of 646836 and 456.
228
What is the highest common factor of 368718 and 84?
42
What is the highest common divisor of 1036 and 504088?
148
Calculate the greatest common factor of 84 and 5684.
28
What is the highest common divisor of 1285 and 21095?
5
What is the highest common factor of 3 and 2427?
3
Calculate the greatest common factor of 2428 and 396371.
607
What is the highest common factor of 25 and 40225?
25
What is the highest common divisor of 929702 and 1038?
346
Calculate the highest common divisor of 696 and 257694.
174
What is the highest common divisor of 241682 and 35014?
854
Calculate the highest common divisor of 140 and 60935.
35
Calculate the highest common factor of 19608 and 53808.
456
Calculate the highest common factor of 5116 and 948.
4
Calculate the highest common factor of 77554 and 136.
34
Calculate the greatest common divisor of 826448 and 658.
658
Calculate the highest common divisor of 22734 and 14314.
842
What is the greatest common factor of 84 and 78092?
28
Calculate the greatest common divisor of 455804 and 272.
68
Calculate the greatest common divisor of 300828 and 1548.
516
Calculate the greatest common factor of 170170 and 850.
170
What is the highest common divisor of 192 and 99024?
48
Calculate the highest common divisor of 472 and 1233100.
236
What is the greatest common factor of 69 and 15387?
69
What is the greatest common divisor of 1865744 and 928?
464
What is the highest common factor of 707704 and 8?
8
Calculate the greatest common factor of 230454 and 3472.
434
What is the greatest common divisor of 1320671 and 1045?
209
What is the highest common divisor of 2228724 and 324?
36
Calculate the greatest common factor of 4142 and 64220.
38
What is the greatest common factor of 5293 and 7426?
79
What is the highest common factor of 4579 and 19?
19
What is the highest common factor of 1265 and 3186029?
253
Calculate the greatest common divisor of 99 and 12159.
9
Calculate the highest common factor of 7633 and 14368.
449
Calculate the highest common divisor of 24 and 28932.
12
What is the greatest common divisor of 35 and 1360?
5
What is the greatest common divisor of 2090022 and 66?
66
What is the highest common divisor of 2086 and 56024?
298
Calculate the highest common divisor of 70616 and 21112.
728
What is the greatest common factor of 504 and 2055816?
504
What is the highest common factor of 133132 and 55338?
802
What is the highest common factor of 1108984 and 16?
8
Calculate the highest common divisor of 3426 and 294.
6
What is the greatest common divisor of 7 and 595343?
7
What is the highest common factor of 107245 and 445?
445
What is the highest common factor of 69133 and 1799?
257
What is the highest common factor of 1037637 and 189?
27
Calculate the greatest common factor of 331 and 248.
1
What is the greatest common factor of 12672 and 245124?
396
Calculate the greatest common factor of 50211 and 41444.
797
What is the greatest common factor of 16 and 1107824?
16
Calculate the greatest common divisor of 56292 and 180.
12
Calculate the highest common factor of 1389536 and 2076.
692
What is the highest common factor of 4078172 and 588?
196
Calculate the greatest common factor of 28 and 36638.
14
Calculate the highest common divisor of 410 and 430.
10
Calculate the greatest common factor of 80 and 44720.
80
Calculate the highest common factor of 55913 and 4114.
187
Calculate the greatest common factor of 27389 and 1769.
61
What is the highest common factor of 99 and 258786?
99
Calculate the highest common divisor of 121149 and 147.
21
What is the highest common factor of 204 and 1551012?
204
What is the highest common factor of 11970 and 7635?
15
Calculate the greatest common divisor of 47753 and 136.
17
What is the highest common divisor of 91078 and 339?
113
Calculate the greatest common factor of 3441534 and 2172.
1086
Calculate the greatest common divisor of 50893 and 1.
1
What is the greatest common factor of 67008 and 2352?
48
What is the highest common divisor of 8024 and 552712?
472
What is the highest common factor of 10359 and 333?
9
Calculate the highest common divisor of 106514 and 38.
38
What is the highest common factor of 33142 and 5329?
73
Calculate the highest common factor of 110 and 32098.
22
Calculate the highest common divisor of 705635 and 35.
35
Calculate the highest common divisor of 9 and 345159.
9
What is the highest common factor of 88830 and 230535?
2115
What is the greatest common factor of 868 and 7006?
62
What is the greatest common factor of 209 and 41173?
209
Calculate the highest common factor of 1082470 and 40.
10
What is the greatest common factor of 37583 and 3068?
767
Calculate the greatest common divisor of 596 and 528205.
149
Calculate the greatest common divisor of 7592 and 708976.
584
What is the highest common factor of 704 and 1972?
4
What is the highest common factor of 273 and 415506?
273
What is the highest common divisor of 206 and 582053?
103
What is the greatest common divisor of 267189 and 186?
93
Calculate the greatest common factor of 296 and 3582932.
148
Calculate the highest common divisor of 117 and 75231.
117
Calculate the greatest common divisor of 8733110 and 37.
37
What is the highest common factor of 1469888 and 34?
34
Calculate the highest common divisor of 13 and 13273.
13
What is the greatest common divisor of 114032 and 256?
16
What is the highest common factor of 3397224 and 24?
24
Calculate the highest common factor of 27872 and 298552.
536
What is the highest common divisor of 4716 and 3469404?
1572
Calculate the highest common divisor of 987 and 945.
21
What is the greatest common factor of 97 and 122899?
97
Calculate the greatest common divisor of 1443 and 2596919.
481
What is the highest common divisor of 137943 and 18?
9
Calculate the highest common factor of 4302 and 248799.
717
Calculate the highest common factor of 3856 and 88.
8
What is the highest common factor of 979 and 92115?
89
Calculate the highest common divisor of 25940 and 10600.
20
Calculate the highest common divisor of 24 and 152232.
24
What is the highest common divisor of 98749 and 7?
7
Calculate the highest common factor of 3436913 and 146.
73
Calculate the greatest common factor of 7791 and 19110.
147
Calculate the greatest common factor of 163090 and 282.
94
Calculate the greatest common divisor of 2640 and 249744.
528
What is the greatest common divisor of 390 and 46470?
30
What is the greatest common divisor of 2873 and 689?
13
Calculate the highest common factor of 126 and 94824.
18
What is the highest common divisor of 48 and 19568?
16
Calculate the highest common factor of 46275 and 150.
75
What is the highest common divisor of 11 and 5192297?
11
What is the highest common factor of 16060 and 1639580?
1460
What is the greatest common divisor of 3013 and 1703?
131
Calculate the highest common divisor of 1936 and 511984.
176
Calculate the greatest common divisor of 432 and 509688.
72
Calculate the greatest common divisor of 22 and 83523.
11
Calculate the highest common factor of 632 and 11806708.
316
Calculate the greatest common factor of 2935424 and 608.
608
What is the greatest common divisor of 338 and 4238?
26
What is the highest common divisor of 527 and 3968?
31
Calculate the highest common divisor of 3459151 and 106.
53
What is the highest common divisor of 882 and 129024?
126
Calculate the greatest common factor of 22 and 402413.
11
Calculate the greatest 